2 = 4*n, -4*u + p*u = 4. What is the tens digit of n?
9
Let r = -759 - -1534. What is the hundreds digit of r?
7
Let i(m) = -5*m**3 - 6*m**2 - m + 10. Let y(l) = -6*l**3 - 5*l**2 + 10. Let h be 6 + 9/((-9)/2). Let j(a) = h*y(a) - 5*i(a). What is the tens digit of j(-8)?
7
Suppose -6 = 2*o, -3*x = -3*o - 2*o - 75. Suppose 4*s + 15 = 3*f, f + 3*f - x = 0. Let d = s + 20. What is the tens digit of d?
2
Let d = 35 - 30. Suppose d*r = -s + 4*s - 484, -622 = -4*s + 2*r. What is the hundreds digit of s?
1
What is the units digit of (3922*1)/1 - (-58 - -62)?
8
Let s(g) = -17*g - 1. What is the hundreds digit of s(-16)?
2
Suppose -12 = -3*g + 2*g + 5*z, -z + 6 = 4*g. Suppose -g*b - 2*c + 104 = 0, -c + 5*c + 233 = 5*b. What is the units digit of b?
9
Let y = -444 + 663. What is the hundreds digit of y?
2
Suppose 4*d + 4*z - 1539 = 3*z, -5*z = 5. What is the tens digit of d?
8
What is the hundreds digit of (-2)/17 - 379162/(-238)?
5
Let b be (2 - -1) + (-1)/1. Suppose -6 = b*i - 8. What is the tens digit of (i + 2)*(-76)/(-12)?
1
Let w(u) = -u**2 + 6. Let n be w(3). Let d = n - -3. Suppose d = -4*m - 0*m - 4*o, 0 = 3*m + o - 8. What is the units digit of m?
4
Let n(o) = o**3 - o**2 + o - 1. Let k(x) = 3*x**3 + 7*x**2 + 4*x - 13. Let b(s) = -k(s) + 2*n(s). What is the tens digit of b(-9)?
2
Suppose w + 2*u = 13, 9*u = 3*w + 4*u - 17. What is the units digit of w?
9
Let u = -3 - 9. Let z = -7 - u. Suppose z*i - 30 - 15 = 0. What is the units digit of i?
9
Let b = 14 - 6. Suppose 4*r = b*r - 92. Let g = r - 10. What is the units digit of g?
3
Let f(k) = 103*k**3 - 6*k**2 + 14*k - 4. What is the units digit of f(2)?
4
Suppose -50948 = -17*o + 10677. What is the thousands digit of o?
3
Suppose -21*z - 625 = -22*z + 3*j, -z = 4*j - 597. What is the units digit of z?
3
Suppose 3*j = j + 6. Suppose -15 = -o + 3*w + 16, 0 = -5*o + j*w + 107. What is the tens digit of o?
1
Suppose -1402 - 1300 = -14*z. What is the units digit of z?
3
Let m(o) = -6*o**2 - 3*o - 3. Let g be m(-3). Let f = g + 14. Let i = 72 + f. What is the tens digit of i?
3
Suppose 0 = -4*w + 6 + 6. Let k = 472 + -467. Suppose 15 = -k*i, -w*v + 4*i = v - 252. What is the tens digit of v?
6
Let j(z) = -3*z**2 + 11*z - 4. Let k be j(3). Suppose 3*g + 72 = k*o - 15, 2*g - 82 = -2*o. What is the units digit of o?
2
Let g(c) = c**2 + 9*c + 6. Suppose 0*b - b - 9 = 0. Let k be g(b). What is the tens digit of (-152)/(-6) - 2/k?
2
Let z be (-3 - -2) + 1 + 4. Suppose 0*l - 2*l + 5*o = 6, -12 = z*l - 3*o. Let i(g) = 5*g**2 + 3*g + 1. What is the tens digit of i(l)?
3
Suppose 26 = -3*d + 62. Let i be (-8)/(-20)*-5*(21 - -1). What is the units digit of (d/(-4) + 2)*i?
4
Suppose 0 = -3*c + a + 9, 5*c + 0*a - 16 = 2*a. What is the tens digit of (c + -3)*-41*(1 - 0)?
4
Let a(q) = 48*q**2 + 9*q - 30. What is the units digit of a(3)?
9
Let f(v) = -v**2 + 3*v + 2. Suppose 4 = 4*j, -2*s = s + 4*j - 13. Let o be f(s). Suppose 2 = -2*i - 5*d, -o*d + 5 = i - d. What is the units digit of i?
9
Let v be (1 - 2)*(-95)/5. Suppose -o - 17 = -t, -4*o + 2*o - v = -t. Let a = t + 2. What is the tens digit of a?
1
Let f(m) be the second derivative of 22*m**3/3 - 28*m**2 - 36*m. What is the units digit of f(6)?
8
Suppose -19*s + 18*s + 823 = 0. What is the hundreds digit of s?
8
Let l be 1 + 2 - 0/(-4). Let c be l - (3 + 3 + -1). Let n = c + 4. What is the units digit of n?
2
Suppose -4*p - 8 = -t, -p - 5 = -0*t - t. Suppose -6 = -6*a + t*a. Suppose 0 = o - v - a, -3*o + v + 3 = -4. What is the units digit of o?
2
Suppose 2*a = -2*a + 2*w + 24, 2*a + w - 4 = 0. Let s(c) = 7*c - 3 - 85*c**2 - 5*c + 86*c**2. What is the tens digit of s(a)?
2
Let p(w) = 37*w + 4. Let d = 96 - 93. What is the hundreds digit of p(d)?
1
Let s(o) = 2370*o**2 + 13*o + 5. What is the units digit of s(1)?
8
Suppose 176 - 40 = 4*l. Let s = 64 + l. What is the units digit of s?
8
Let r(y) = y**3 - 14*y**2 - y + 12. Let k(t) = t**3 - 15*t**2 + 12. Let i(f) = 2*k(f) - 3*r(f). What is the units digit of i(12)?
4
Let l = -100 + 435. What is the hundreds digit of l?
3
Suppose 5543 + 507 = 22*y. Suppose 25 = n + 4*n. Suppose 10*j - y = n*j. What is the units digit of j?
5
Suppose 0 = 4*q + 110*k - 111*k - 6287, 0 = 5*q - k - 7858. What is the hundreds digit of q?
5
Let l(i) = 29*i - 229. What is the units digit of l(43)?
8
Let x(a) = a**2 - 12. Let y be x(-4). Suppose y*s + s = -25, 5*u + 5*s = 405. What is the units digit of u?
6
Let u(k) = k**3 - 4*k**2 - 16*k - 5. Let o be u(7). Suppose -o*x + 28*x = -250. What is the hundreds digit of x?
1
Let u(z) = -z**3 + 2*z**3 - 3 + 6 + 5*z + 6*z**2. Let c be u(-5). Let j = 6 + c. What is the units digit of j?
9
Let p = 234 + -20. Suppose 2*c - 79 = -t, 5*c - p = 2*t + t. What is the tens digit of c?
4
Suppose i = -22 + 7. Let m = 25 + i. What is the units digit of (38/(-6))/(m/(-30))?
9
What is the hundreds digit of (-21)/28 - (-1750)/8?
2
Let c = 6750 - 3075. What is the units digit of c?
5
Let t = 270 - 66. What is the units digit of -2*(-1)/(-7) + t/28?
7
Suppose -2*c = -v - 2982, -5*c - 6*v = -7*v - 7458. What is the thousands digit of c?
1
Let h be (56/24)/(-1 + 40/39). Let l = h - 85. What is the units digit of l?
6
Let f(h) = h**2 - 59*h + 37. What is the tens digit of f(62)?
2
What is the units digit of (-1*(-4)/12)/((-5)/(-37980))?
2
Let a = 83 - 61. Suppose 0 = -3*h + a - 13. What is the units digit of h?
3
Let o be (-9)/(1 + -2) + -1. Let w = 4 + o. What is the units digit of w?
2
Let h = -116 - -119. Suppose -1055 = -5*d - 5*r, 2*r + 1035 = 5*d - h*r. What is the tens digit of d?
0
Suppose -1291 = -2*b - k + 4, 3*k + 1938 = 3*b. What is the hundreds digit of b?
6
Suppose 3*i = 39*i - 9936. What is the units digit of i?
6
Let m = 123 + -15. Suppose 6*p - m = 12. What is the tens digit of p?
2
Suppose 0 = -11*s - 4*s + 8340. What is the units digit of s?
6
Let y(x) = x + 12. Let c(b) = -b - 11. Let r(m) = 2*c(m) + 3*y(m). Let i be r(-10). Suppose -i*f + 117 = 13. What is the tens digit of f?
2
Suppose -5*y - 1 = 3*p, -2*p = 3*p + 2*y - 11. Suppose p = 2*v - 3. Suppose -v*g + 2 = 4*q - 2, -3*q + 10 = 4*g. What is the units digit of g?
4
Let v = -7 + 11. Suppose -4*u - 3*d + 74 = -d, v*u - 68 = 4*d. What is the units digit of u?
8
Suppose 2*v - 1298 = -2*w, -9*v - w - 3269 = -14*v. What is the units digit of v?
3
What is the thousands digit of (38259 + -11)/8 + -6?
4
Suppose -3*n - 3*r + r + 209 = 0, 4*r + 363 = 5*n. Suppose -11 - 44 = -4*c + 5*q, 5*c - 4*q - n = 0. Suppose -j = 4*j - c. What is the units digit of j?
3
Let u(k) = k**3 + 2*k - 351. Let x be u(0). Let o = 505 + x. What is the hundreds digit of o?
1
Suppose -3*m + 2*j = -111, -m - j + 38 = -2*j. Suppose -2*f + m + 71 = 0. Suppose f = 4*v + 1. What is the units digit of v?
3
Let r be 8/(-16) - (-27)/6. Suppose -r*u - 8 = 5*q - 2*q, -q = 3*u + 6. Suppose y = 6*y + 5*t - 45, 5*y - 5*t - 85 = q. What is the tens digit of y?
1
What is the hundreds digit of 15318/10 + 126/105?
5
Suppose 0*j - 3*j = -9. Suppose 3 = 5*q + 4*y - 7, -4*q = -j*y - 8. What is the tens digit of (-49)/14*-3*q?
2
Let k = 28 - 24. Let p(r) be the third derivative of -r**5/60 + 7*r**4/24 - 2*r**3/3 + 4*r**2. What is the units digit of p(k)?
8
Let m(g) = -g**3 + 6*g - 30. What is the hundreds digit of m(-8)?
4
Let q(b) = 0 + 2*b - 3*b + 2*b - 4. Let c be q(3). What is the tens digit of (-15 + c)/((-8)/16)?
3
Suppose 0 = -4*g + 2*j + 26, -3*g + 40 = 2*g - 4*j. Suppose -g*d = -7*d. What is the tens digit of d - 0 - (-48)/1?
4
Let z(v) = v**2 + 27*v - 21. Let n be z(-27). What is the units digit of n*(2 + -5) + -1?
2
Let z(d) = 55*d**3 - 5*d**2 - 6*d + 5. Let f(m) = m**2 + m - 1. Let u(q) = 6*f(q) + z(q). What is the tens digit of u(1)?
5
Let u(h) = 3*h**2 + 20*h + 38. What is the hundreds digit of u(-18)?
6
Let n(j) = -41*j - 9. Let l be n(-4). Let s = l + -93. What is the tens digit of s?
6
Suppose 50 - 12 = 2*h. Let q = 22 - h. Suppose -q*g = -g - 62. What is the tens digit of g?
3
Suppose -4*l + 7*l = b + 55, 4*b = -l + 14. Let i = l - 14. Suppose g + i*g - 4*c - 95 = 0, 2*g - 36 = 2*c. What is the tens digit of g?
2
Let f(a) = 25 - 45 - 152*a + 19. What is the hundreds digit of f(-1)?
1
Let i(h) = 5*h**2 + 7*h - 5. Let g be i(4). Suppose -p - b + 23 = -26, 3*b - g = -2*p. Wha